 to base 6
11
What is 1111 (base 2) in base 14?
11
Convert 42 (base 6) to base 3.
222
What is -102 (base 3) in base 11?
-10
What is -2 (base 12) in base 2?
-10
0 (base 9) to base 5
0
What is 83 (base 14) in base 15?
7a
Convert -10 (base 12) to base 7.
-15
What is 4 (base 15) in base 2?
100
-342 (base 5) to base 14
-6d
Convert -11 (base 4) to base 12.
-5
What is 4 (base 12) in base 4?
10
48 (base 11) to base 2
110100
-10 (base 12) to base 2
-1100
Convert 8c (base 15) to base 6.
340
-22 (base 10) to base 15
-17
100000100 (base 2) to base 12
198
Convert -420 (base 8) to base 12.
-1a8
What is -5 (base 6) in base 15?
-5
238 (base 13) to base 6
1441
What is 372 (base 9) in base 11?
260
103 (base 4) to base 3
201
1 (base 4) to base 13
1
Convert -c (base 14) to base 5.
-22
What is -2 (base 5) in base 3?
-2
What is -86 (base 16) in base 14?
-98
What is 100001 (base 2) in base 3?
1020
Convert 33 (base 4) to base 11.
14
What is -11 (base 2) in base 10?
-3
130 (base 4) to base 15
1d
What is -a (base 14) in base 9?
-11
What is -261 (base 8) in base 14?
-c9
Convert 6 (base 12) to base 5.
11
1 (base 4) to base 8
1
3 (base 15) to base 5
3
-1 (base 5) to base 13
-1
What is 178 (base 10) in base 14?
ca
What is -65 (base 11) in base 2?
-1000111
2 (base 7) to base 3
2
Convert ac (base 16) to base 10.
172
200 (base 8) to base 9
152
-7 (base 11) to base 9
-7
What is -4 (base 13) in base 11?
-4
What is 1c (base 13) in base 11?
23
Convert -10001100 (base 2) to base 7.
-260
-20 (base 3) to base 16
-6
-1030 (base 6) to base 5
-1414
Convert -4 (base 5) to base 13.
-4
Convert 23 (base 8) to base 4.
103
Convert -6 (base 11) to base 10.
-6
What is 14 (base 6) in base 10?
10
What is -e (base 16) in base 13?
-11
-3 (base 16) to base 8
-3
What is -22 (base 4) in base 13?
-a
What is 2 (base 3) in base 5?
2
Convert 1 (base 14) to base 11.
1
Convert -322 (base 9) to base 4.
-10013
Convert 4 (base 15) to base 8.
4
What is -25 (base 11) in base 3?
-1000
What is -22 (base 4) in base 10?
-10
11101 (base 2) to base 13
23
Convert 1 (base 8) to base 9.
1
What is -14 (base 13) in base 16?
-11
What is 0 (base 5) in base 9?
0
7 (base 10) to base 12
7
Convert 21 (base 3) to base 12.
7
Convert -87 (base 14) to base 12.
-9b
-4 (base 16) to base 2
-100
-3 (base 15) to base 16
-3
5 (base 13) to base 5
10
Convert 2 (base 15) to base 14.
2
-6 (base 12) to base 16
-6
Convert -1 (base 12) to base 4.
-1
Convert 11 (base 8) to base 2.
1001
What is a (base 15) in base 6?
14
c1 (base 15) to base 10
181
35 (base 15) to base 4
302
0 (base 4) to base 12
0
Convert 1 (base 6) to base 12.
1
-25 (base 7) to base 9
-21
-2 (base 9) to base 15
-2
What is 33 (base 10) in base 9?
36
Convert -6 (base 8) to base 5.
-11
-68 (base 15) to base 3
-10122
-1101 (base 2) to base 16
-d
What is -20 (base 15) in base 2?
-11110
What is -52 (base 8) in base 7?
-60
What is -79 (base 14) in base 2?
-1101011
Convert -4 (base 15) to base 6.
-4
What is 2 (base 9) in base 5?
2
What is -30 (base 5) in base 8?
-17
What is -5 (base 9) in base 14?
-5
Convert 25 (base 14) to base 13.
27
ba (base 16) to base 10
186
Convert 30 (base 15) to base 6.
113
Convert -3 (base 12) to base 14.
-3
Convert -6 (base 13) to base 4.
-12
Convert 3 (base 12) to base 7.
3
What is 133 (base 5) in base 15?
2d
-4 (base 11) to base 3
-11
Convert 3 (base 12) to base 14.
3
Convert 2 (base 4) to base 14.
2
Convert -176 (base 12) to base 16.
-ea
What is -1110 (base 2) in base 15?
-e
-360 (base 7) to base 15
-c9
15 (base 8) to base 13
10
64 (base 8) to base 12
44
Convert -57 (base 9) to base 13.
-40
What is 3c (base 14) in base 12?
46
Convert -5 (base 8) to base 6.
-5
Convert 1 (base 11) to base 12.
1
-132 (base 4) to base 6
-50
a (base 13) to base 6
14
4 (base 14) to base 7
4
-8c (base 16) to base 13
-aa
What is 24 (base 5) in base 2?
1110
-1 (base 2) to base 12
-1
Convert -13 (base 8) to base 9.
-12
9 (base 14) to base 6
13
Convert -2111 (base 3) to base 9.
-74
-4 (base 13) to base 15
-4
12 (base 12) to base 15
e
What is -114 (base 8) in base 9?
-84
0 (base 14) to base 6
0
Convert 49 (base 14) to base 2.
1000001
Convert 100 (base 2) to base 7.
4
73 (base 15) to base 9
130
-21 (base 15) to base 11
-29
141 (base 5) to base 4
232
Convert 13 (base 10) to base 11.
12
-112 (base 3) to base 7
-20
Convert 101011 (base 2) to base 4.
223
1211 (base 3) to base 13
3a
32 (base 6) to base 10
20
What is 10031 (base 4) in base 11?
225
What is c (base 16) in base 14?
c
Convert 403 (base 5) to base 14.
75
-22 (base 13) to base 10
-28
Convert 0 (base 15) to base 8.
0
Convert -3 (base 12) to base 9.
-3
Convert 120 (base 3) to base 4.
33
What is -28 (base 14) in base 3?
-1100
What is -1 (base 2) in base 5?
-1
Convert 39 (base 12) to base 3.
1200
-21 (base 8) to base 15
-12
-2 (base 3) to base 4
-2
What is -45 (base 6) in base 7?
-41
-6 (base 8) to base 13
-6
-1100 (base 2) to base 5
-22
-10010 (base 3) to base 16
-54
Convert 25 (base 6) to base 13.
14
101 (base 2) to base 7
5
What is 90 (base 15) in base 16?
87
What is 2 (base 4) in base 7?
2
What is 86 (base 9) in base 5?
303
What is -3 (base 9) in base 2?
-11
Convert -9 (base 15) to base 5.
-14
Convert 9 (base 11) to base 16.
9
What is -1010 (base 2) in base 10?
-10
What is -2 (base 7) in base 13?
-2
11100 (base 2) to base 10
28
b (base 12) to base 9
12
0 (base 9) to base 7
0
What is -7 (base 15) in base 9?
-7
Convert -133 (base 9) to base 10.
-111
Convert 43 (base 5) to base 8.
27
Convert 0 (base 14) to base 5.
0
Convert -1 (base 14) to base 10.
-1
What is 242 (base 8) in base 16?
a2
Convert -11 (base 14) to base 9.
-16
What is 13 (base 11) in base 9?
15
202 (base 9) to base 11
13a
What is 3 (base 6) in base 13?
3
Convert 140 (base 7) to base 13.
5c
What is -20 (base 4) in base 13?
-8
-1000 (base 3) to base 11
-25
What is 100 (base 13) in base 14?
c1
Convert 37 (base 15) to base 9.
57
154 (base 12) to base 4
3100
19 (base 11) to base 8
24
20101 (base 3) to base 15
b7
-11 (base 9) to base 16
-a
What is -34 (base 7) in base 2?
-11001
Convert a3 (base 16) to base 3.
20001
What is -b3 (base 12) in base 6?
-343
Convert 25 (base 11) to base 10.
27
Convert 87 (base 14) to base 9.
142
-2 (base 4) to base 7
-2
What is -110 (base 3) in base 10?
-12
155 (base 6) to base 10
71
What is 2 (base 14) in base 12?
2
-53 (base 10) to base 6
-125
Convert 441 (base 5) to base 7.
232
11001 (base 2) to base 6
41
What is 2 (base 7) in base 8?
2
21201 (base 3) to base 8
320
What is 74 (base 12) in base 6?
224
Convert -10 (base 3) to base 10.
-3
1110 (base 2) to base 9
15
-1 (base 8) to base 13
-1
Convert -44 (base 14) to base 5.
-220
Convert -85 (base 10) to base 13.
-67
-3 (base 5) to base 6
-3
Convert 4 (base 15) to base 11.
4
-5 (base 14) to base 4
-11
Convert 4 (base 9) to base 15.
4
Convert c (base 13) to base 5.
22
Convert -4 (base 15) to base 7.
-4
Convert 1 (base 8) to base 14.
1
-9 (base 15) to base 10
-9
Convert 3 (base 12) to base 3.
10
0 (base 5) to base 2
0
What is 55 (base 14) in base 6?
203
Convert -4 (base 8) to base 2.
-100
What is 1 (base 5) in base 6?
1
-2 (base 12) to base 15
-2
What is 150 (base 16) in base 11?
286
Convert 9 (base 15) to base 11.
9
-14 (base 11) to base 2
-1111
What is -2 (base 16) in base 2?
-10
0 (base 16) to base 10
0
-4 (base 11) to base 14
-4
-6 (base 15) to base 9
-6
What is -1 (base 16) in base 3?
-1
What is 9 (base 11) in base 7?
12
-312 (base 6) to base 15
-7b
Convert -3 (base 4) to base 14.
-3
Convert 43 (base 7) to base 12.
27
-136 (base 7) to base 15
-51
Convert -2 (base 5) to base 2.
-10
Convert 11 (base 16) to base 8.
21
6 (base 16) to base 15
6
Convert 65 (base 11) to base 14.
51
-6e (base 15) to base 13
-80
What is 4 (base 6) in base 9?
4
-10 (base 2) to base 4
-2
What is 130 (base 6) in base 11?
4a
Convert 148 (base 9) to base 4.
1331
Convert -64 (base 8) to base 11.
-48
What is -1 (base 13) in base 11?
-1
Convert -6 (base 12) to base 9.
-6
-25 (base 13) to base 6
-51
-c (base 14) to base 8
-14
-14 (base 11) to base 4
-33
-5 (base 11) to base 2
-101
What is 0 (base 4) in base 6?
0
What is 1 (base 15) in base 12?
1
Convert -8 (base 15) to base 6.
-12
What is -6 (base 10) in base 4?
-12
What is -4 (base 12) in base 5?
-4
Convert -6 (base 16) to base 3.
-20
Convert -5 (base 12) to base 14.
-5
Convert